ainder when n is divided by w?
14
Suppose 0 = -214*h + 110*h + 88*h + 1696. What is the remainder when 2325 is divided by h?
99
Let i = 1302 + -1289. What is the remainder when 835 is divided by i?
3
Calculate the remainder when 286 is divided by 224125/2200 - ((-3)/20)/(12/10).
82
Let w = 3053 - 2753. Calculate the remainder when 2972 is divided by w.
272
Let i(t) = -144*t - 48. Calculate the remainder when i(-2) is divided by 10.
0
Suppose -5*g + 25 = c, -3*g = 4 - 7. Suppose -3*h + 19 = t, -4*h = 8*t - 3*t - 128. Calculate the remainder when t is divided by c.
8
What is the remainder when 72 is divided by 3*(-4)/4*(7 + (-1290)/45)?
7
Let j(q) = -q**3 + 6*q**2 + 2*q - 8. Let r be j(6). Calculate the remainder when (6 - 3108/(-33)) + r/(-22) is divided by 26.
22
Let w = -8252 - -8259. What is the remainder when 14508 is divided by w?
4
Suppose -7*a - 151 - 815 = 0. Let p = -92 - a. Let z = 57 - p. What is the remainder when 40 is divided by z?
7
Suppose 0 = -11*v + 5*v + 36. Let x = -318 + 1014. Suppose u = -23*u + x. Calculate the remainder when u is divided by v.
5
Suppose 2*r = 5*f - 36, -3*f + 0*f + r + 22 = 0. Let n be 70*(38/10 + (-6)/2). Suppose n = f*i - i. What is the remainder when 45 is divided by i?
5
Suppose 795*x - 240 = -k + 797*x, 2*k - 5*x - 487 = 0. What is the remainder when k is divided by 113?
0
Suppose 2*u = 7*u - 395. Let x = -74 + u. Suppose 5*c - 387 = -4*l, 2*l + 3*l + 405 = x*c. What is the remainder when c is divided by 16?
15
Suppose 0 = -21*p + 9*p + 4236. Let i = p + -134. Calculate the remainder when i is divided by 37.
34
Suppose 0 = -4*u - 179 - 165. Let f = -2 + u. Let v = -47 - f. What is the remainder when v is divided by 11?
8
Let a be (35/(6 - -1))/1. Suppose -r - 4*d = -20, 7*d - 122 = -a*r + 9*d. What is the remainder when 229 is divided by r?
13
Let j = -253 + 258. Suppose -5*d + 5*x + 40 = 0, -j*d - 3*x + 6*x = -44. What is the remainder when 149 is divided by d?
9
Let s be (-25)/5*56/10. Suppose 21*q = 18*q + 117. Let g = s + q. Calculate the remainder when 43 is divided by g.
10
What is the remainder when -1*1 + 0 + 3 + 24030600/2904 is divided by 1654?
7
Let c(n) = n**2 - n - 2. Suppose -49*h = -29*h - 60. Calculate the remainder when 184*2/7 + h/7 is divided by c(-4).
17
Let k be 65/78 - (-1588)/24. Let l = -63 + k. Calculate the remainder when 174 is divided by l.
2
What is the remainder when 206 is divided by (-82 - -240) + (-4)/((-7)/((-63)/(-6)))?
42
Suppose 214*v + 4*m = 209*v + 42, 0 = v - 5*m - 49. What is the remainder when ((-984)/18)/(1/(-3)) is divided by v?
10
Let s = -19 - -55. Suppose 55*l - 54*l = s. Suppose 26 - l = -2*g. Calculate the remainder when 26 is divided by g.
1
Let d = -15 + 25. Suppose -11*m + 16*m - 4*q - 1013 = 0, 3*q + 1794 = 9*m. What is the remainder when m is divided by d?
7
Let h(o) = 968*o - 286500. Suppose 0 = -2*w - 3*i + 655, 0 = 3*w + 2*w - 4*i - 1695. Calculate the remainder when w is divided by h(296).
27
Let t = -50 + 48. Let q be t/(-17) - 144/68. Let w(p) = -3*p - 2. What is the remainder when 8 is divided by w(q)?
0
Let h(s) = -6*s - 1. Let t(w) = -w - 10. Let n be t(-6). Let y(o) = 4*o**2 - 35*o + 3. What is the remainder when h(n) is divided by y(9)?
11
Let s = 30643 + -30616. What is the remainder when 2858 is divided by s?
23
Let f(m) = -3*m**2 + 118*m + 35. Let p(r) = r**2 - 59*r - 18. Let d(h) = 4*f(h) + 9*p(h). Calculate the remainder when 62 is divided by d(-19).
14
Let l = 16436 - 15984. Calculate the remainder when l is divided by 70.
32
Let t(j) = -j + 10. Let w(l) = -l**3 - 58*l**2 + 58*l - 35. Calculate the remainder when w(-59) is divided by t(-13).
1
Let f(m) = -6*m**2 - 189*m - 111. Let y(s) = -s**2 - 38*s - 22. Let a(l) = 4*f(l) - 22*y(l). Calculate the remainder when 74 is divided by a(40).
34
Let i = -5729 + 5767. What is the remainder when i is divided by 14?
10
Suppose 2865 = 3*f + v, -2*f - 172*v = -173*v - 1900. What is the remainder when f is divided by 157?
11
Let r = -2500 + 2533. What is the remainder when r is divided by ((-8)/20)/((-1)/25)?
3
Let b = 610 - 635. Calculate the remainder when 438 is divided by 12/2*44/(-165)*b.
38
Suppose 152 = 58*a - 399 - 435. What is the remainder when 9023 is divided by a?
13
Let q be 17/(34/792) + 4. Suppose 83*i = 67*i + q. What is the remainder when 222 is divided by i?
22
Let l(c) = 7*c - 88. Let k be l(19). Calculate the remainder when (k/(-18))/(2/(-60)) is divided by 20.
15
Let o(t) be the third derivative of t**5/60 - 11*t**4/12 - 13*t**3/3 - 64*t**2. What is the remainder when 105 is divided by o(24)?
17
Let z = 17899 + -17825. What is the remainder when 1757 is divided by z?
55
Suppose 1 = k - 2*k + f, 5*f + 1 = -k. What is the remainder when 183 is divided by (k/(-2))/((-20)/(-1480))?
35
Suppose 2*k - 2*s - 2 = 3*s, -4*k + 2*s + 20 = 0. Let z = 14 - k. Suppose -22 = -5*h + 8. Calculate the remainder when z is divided by h.
2
Calculate the remainder when 900 is divided by -2 + (-3474)/(-63) + (-3)/21.
52
Suppose -463*f = -28*f - 22185. Calculate the remainder when 5490 is divided by f.
33
Let r = -11 + 10. Let i(o) = -8*o**3 + o**2 - o - 1. Let c be i(r). Calculate the remainder when 30 + (3/c)/((-2)/6) is divided by 14.
1
Let f be -5*(-1 - (2 - 1)). Suppose -91*i = -93*i - f. What is the remainder when 17 is divided by ((-8)/10 + (-8)/(-20))*i?
1
Suppose 134 = 4*z - 2*y, 0 = 5*z - 3*y - 0*y - 170. Calculate the remainder when 44 is divided by z.
13
Suppose -6*g + 96 = -q - g, 0 = 3*q + 5*g + 228. Let v = -28 - q. Let o = -9 + 20. What is the remainder when v is divided by o?
9
Suppose -51*i = -240*i + 24657 + 91956. Calculate the remainder when i is divided by 84.
29
Suppose 19*b - 1809 - 6575 = -157. Calculate the remainder when b is divided by 108.
1
Let s = 136 + -78. Let h(l) = -6 + 0 + 3 + s*l + 92*l. Calculate the remainder when h(1) is divided by 50.
47
Let k = -24 - -121. Suppose 4*a - 237 + k = 0. Suppose 5*u - 30 = 3*z, -195 + 198 = 2*u - 3*z. Calculate the remainder when a is divided by u.
8
Let t(m) = 43*m**2 + 22*m + 9. Let x(d) = 5*d**2 + 2*d - 2. Calculate the remainder when x(-4) is divided by t(-1).
10
Calculate the remainder when 3624/14 - ((-66)/(-77) - 1) is divided by 2 + 2*(29 + -4).
51
Suppose 0 = 3*a + a - 208. Calculate the remainder when 4/13 + 159310/1157 is divided by a.
34
Let p(r) = 2*r + 28. Let z be p(-15). Let s be 6 + (1 + z - 3). Suppose s*v + 0*v = -3*m + 197, -m + 65 = v. What is the remainder when m is divided by 14?
11
Let i(t) = 3*t + 23. Let s be i(0). Suppose -o - 18 + s = 0. Suppose -j + 180 = o*j. Calculate the remainder when 145 is divided by j.
25
Let u = 2643 - 2614. What is the remainder when 34 is divided by u?
5
Let r = -61 - -52. Calculate the remainder when (-1)/9 - 901/r is divided by 17.
15
Let v be 44/6 - 12/(-18). Suppose -v*l + 210 = -150. Calculate the remainder when 173 is divided by l.
38
Suppose -d - 48 = -4*z, -2*d - 12 = 2*z - 26. Suppose 3*c + 4 = 13. Calculate the remainder when z is divided by c.
2
Suppose -5*f - 20 = -2*i - 3*i, -f + 4*i - 7 = 0. Let q(a) = 8*a**2 + 2*a - 4. Calculate the remainder when q(f) is divided by (-2)/(-5) - 103*(-14)/70.
20
Let a = -50 - -48. Let r(j) = 4*j**2 + 6*j + 19. Let x(z) = 17*z**2 + 25*z + 77. Let d(c) = a*x(c) + 9*r(c). What is the remainder when 128 is divided by d(-4)?
29
Let p = -17 - -29. Let i = -3134 + 3166. Calculate the remainder when i is divided by p.
8
Suppose 5*s = 4*s + 10. Let z = 406 + -1209. Let l = 820 + z. What is the remainder when l is divided by s?
7
Suppose -48*g + 68 = -364. Suppose 22 = 5*q - 3*n, 2*q - 5*q + 2 = n. Calculate the remainder when q/6 + (-41)/(-3) is divided by g.
5
Let p(q) = 6*q + 1. Let f be (627/99)/((-1)/(-132)). Suppose 0 = 12*a + 80 - f. Calculate the remainder when a is divided by p(2).
11
What is the remainder when 244 is divided by (-278)/(-4031) + 6318/58?
26
Let p be 10 - -3*4/(-3). Suppose 6*o = 24 + p. Suppose k - 145 = -o*v - k, 0 = -2*k + 10. Calculate the remainder when v is divided by 6.
3
Suppose 0 = -0*o - 13*o + 663. Suppose -u + o = 2*u. What is the remainder when 351 is divided by u?
11
Let g(u) = -u**2 + u + 949. What is the remainder when 283 is divided by g(-30)?
17
Suppose 3*g - 673 = -4*d + 2*g, -3 = g. L